- 5*c + 7. Let l be r(4). Let q(b) = -b - 6. Let a be q(-6). Suppose l*x - 148 - 50 = a. List the prime factors of x.
2, 3, 11
Let b = 2012 + -1679. List the prime factors of b.
3, 37
Let r(f) = f**3 - f**2 + 439. Let m be r(0). Let p = m + -211. Suppose -35 + p = 5*s + 3*i, 5*s + i - 191 = 0. List the prime factors of s.
2, 19
Suppose 21 = -5*c - 4, -745 = 5*i - 4*c. What are the prime factors of 1/(6/(-27) + (-43)/i)?
17
Suppose 5*p = -3*u - 9 + 54, 5*p = -4*u + 45. Let j be (-13)/(-3) + 6/p. Suppose 4*i - 2*r - 34 = 0, i + 4*r = j + 8. List the prime factors of i.
3
What are the prime factors of (-39 - -43)/(0 - 6/(-3687))?
2, 1229
Suppose -201*o + 186*o + 17190 = 0. What are the prime factors of o?
2, 3, 191
Suppose -2*u + 164 = 2*n, 0 = n + 3*n + u - 328. List the prime factors of n.
2, 41
Let c(g) = 153*g**2 + 17*g - 41. List the prime factors of c(3).
19, 73
Suppose 454 = y - 4*t, t + 0*t + 4 = 0. Suppose -6*v = -y - 582. What are the prime factors of v?
2, 5, 17
Suppose 34 = -4*l - 34. Let v = -30 - l. Let d = v + 23. What are the prime factors of d?
2, 5
Suppose 6*o - 29 = 61. Suppose 25 = x - o. Suppose 0 = y - 2*y + x. What are the prime factors of y?
2, 5
Suppose 0 = 5*h - 2328 - 2812. List the prime factors of h.
2, 257
List the prime factors of 117383/49 + -16 + (-6)/(-14).
2, 5, 7, 17
List the prime factors of -5 + ((-2784)/9)/(2/(-6)).
13, 71
Let u be (-30795)/75 - (-3)/5. Let s = u + 581. List the prime factors of s.
3, 19
Let m(x) = -x**3 - 16*x**2 - 49*x - 24. What are the prime factors of m(-15)?
2, 3
Suppose -7*g + h + 11 = -3*g, -4*h = -4. Let z = g - -30. Let w = -16 + z. What are the prime factors of w?
17
Let j be (-366)/16 - 58/464. Suppose -5*h - 2*n + 8 = -n, -h - 4 = 3*n. List the prime factors of h*2 - (-21 - j).
2
Suppose 8*r = -253 - 147. Let q be (-4)/(-5)*(3 - -2). What are the prime factors of 0/q - 4 - r?
2, 23
Let n(i) be the third derivative of -i**5/60 + 3*i**4/8 + 5*i**3/6 - 20*i**2. List the prime factors of n(7).
19
Let g(m) = m**3 + 21*m**2 + 19*m - 29. Let b be g(-20). What are the prime factors of (3/b)/(2/(-3492)*3)?
2, 97
Let u(q) = 4*q**2 - 38*q - 33. List the prime factors of u(-19).
3, 79
What are the prime factors of ((-26)/52)/(((-3)/1834)/3)?
7, 131
Let o = -4 + 1. Let j(u) = -2*u + 5. What are the prime factors of j(o)?
11
List the prime factors of (-4)/5 + 603681/195.
5, 619
Let f(c) = 2*c**2 + 56*c - 8. What are the prime factors of f(9)?
2, 7, 47
Let b(o) be the third derivative of o**6/15 - o**5/30 + o**4/8 - 8*o**2. What are the prime factors of b(2)?
2, 31
Suppose 0 = 4*y - y - 90. Suppose -2*a = -3*r - 3*a + 261, -5*r + 3*a + 421 = 0. Let d = r - y. What are the prime factors of d?
2, 7
Let o = -24 + 192. Let k = 363 - o. Suppose 0 = -4*u + 3*a + 156, 5*u + a = -a + k. List the prime factors of u.
3, 13
Let s be 16*3/6 - 2. Suppose 8 = y + s. List the prime factors of ((-6)/y + -3)*-1.
2, 3
Suppose 5*v = -2*n + 342, -6*v = -3*v - 6. List the prime factors of n.
2, 83
Suppose 0 = 46*h - 44*h + 124. Let t = -56 - h. List the prime factors of t.
2, 3
Suppose 2*k + 105 = 111, -4*q - 2*k = -7542. What are the prime factors of q?
2, 3, 157
Suppose 8*g - 643 + 99 = 0. What are the prime factors of g?
2, 17
Let c = 62 - 107. Let r = -34 - c. What are the prime factors of r?
11
Let l(t) = 2*t**2 + 3*t + 11. Let m be l(8). Let a = 370 - m. What are the prime factors of a?
3, 23
Suppose 3*g - 4084 = -5*j, -19*g - 5*j = -15*g - 5447. List the prime factors of g.
29, 47
Let m(j) = 17*j + 12. Let g be m(6). Suppose q - 7*q = -g. What are the prime factors of q?
19
Let l(r) = -14*r**3 + 2*r**2 + 12*r - 7. List the prime factors of l(-4).
3, 97
What are the prime factors of ((-76)/12 - -5)*(-3)/2?
2
Let k(a) = -6*a**2 + 5*a + 13. Suppose q - 5 = -2*r, -3*q + 7*r + 33 = 4*r. Let n be k(q). What are the prime factors of n/(-20) - 8/20?
3, 7
Let q = 445 - 258. What are the prime factors of q?
11, 17
Let b(k) be the first derivative of -k**4/4 - 5*k**3/3 - 4*k - 6. What are the prime factors of b(-6)?
2
Let z = -3 + 5. Suppose -z*f + 13 = -f. List the prime factors of f.
13
Suppose -2*j + 3*p = 2*p + 5, -4 = -2*j - 2*p. List the prime factors of ((-44)/8*1)/(j/2).
11
Let f(u) be the first derivative of 20*u**3/3 + 2*u**2 + 11*u - 17. What are the prime factors of f(-3)?
179
Suppose 9*b = 5*b - 40. Let f be (-24)/(-30)*b/(-2). Suppose 5*o - f*x - 184 - 57 = 0, 3*x + 102 = 2*o. List the prime factors of o.
3, 5
Let d(r) = -3*r - 13. Let v be d(-7). Suppose j + 4*j + 5*b = 15, -j = -4*b - v. Suppose -5*a = -34 + j. List the prime factors of a.
2, 3
Let s(i) = i**3 + 5*i**2 + 7*i + 8. Let a be s(-4). What are the prime factors of (-6)/a*((-608)/12)/(-4)?
19
Suppose 13 = 4*t + u, 0 = 2*t + 3*t - 4*u + 10. Suppose t*y - 7 = 19. List the prime factors of y.
13
Suppose 10*l = -c + 6*l + 5, c - 5 = 3*l. Suppose -3*h - 698 = -c*o, 3*o + 418 = 6*o - h. List the prime factors of o.
139
Let v = 28 + -22. What are the prime factors of (2/(v/(-151)))/(-1)*3?
151
Let u(g) = 996*g + 891. What are the prime factors of u(3)?
3, 431
Suppose 11*z + 2745 + 159 = 0. Let g be -1 - (-9 - (1 + 0)). What are the prime factors of (3/g)/((-4)/z)?
2, 11
Let y be 8/36 + (-7)/(-9). List the prime factors of -2 + 0 - (-47 - y).
2, 23
Suppose 0*d + 21 = 3*d. Suppose -2*x - d = 4*k + 7, 3*k + 30 = 5*x. Suppose -3*q + x = -3. List the prime factors of q.
2
Let q = 0 + 46. Suppose 0 = h - 2*h + q. Suppose 3*o - 2 = h. List the prime factors of o.
2
Suppose -i + 6*i = 0. Suppose i*w = -w - 2*h + 3, 3*h - 12 = -3*w. Suppose w*t + 11 = 186. What are the prime factors of t?
5, 7
Suppose 0 = -4*v + 3*k - 10, -3*k + 5 = -2*v - 3. Let q(p) = -5*p**3 - p - 1. Let j be q(v). What are the prime factors of (-6)/(-1 - (-3)/j)?
3, 5
Suppose -2*u = -u + k + 3, -3*u + 15 = -3*k. List the prime factors of (-1 + (-1)/u)*404/(-8).
101
Suppose a + 1911 = 4*a. List the prime factors of a.
7, 13
Let p(x) = -2*x + 30. Let z be p(14). Suppose 4*r - 2*y - 180 = 72, -r = z*y - 63. List the prime factors of r.
3, 7
Let q be (5 + 8911/14)*8/2. Suppose 7*a = -459 + q. What are the prime factors of a?
7, 43
Let u(y) = -11*y - 19. Suppose 6*p = 3*s + 2*p - 3, 0 = -5*s + 5*p + 5. Suppose s = -d - 4. What are the prime factors of u(d)?
2, 3
Suppose 0*s - 4*s = -20. Suppose 0 = -5*x + s + 10. Suppose 2*a = 5*h - 38, -3*a + 2 = x*h + a. List the prime factors of h.
2, 3
Let d = 620 + -283. What are the prime factors of d?
337
Let x = -767 + 904. What are the prime factors of x?
137
Suppose -2*g - 3*g - 5*t = -205, 3*t = 3*g - 135. Let m = g - 3. Suppose -m - 11 = -3*a. List the prime factors of a.
17
Suppose -g = -61 - 54. Suppose -x - g = -6*x. What are the prime factors of x?
23
Suppose i = 3*i - 20. Let c be 2/i + (-890)/(-50). Suppose -1 = -s + c. What are the prime factors of s?
19
Let r = -3282 - -6508. List the prime factors of r.
2, 1613
Let w(p) = -p**3 - 28*p**2 + 29*p + 114. What are the prime factors of w(-29)?
2, 3, 19
Let c(y) be the third derivative of -7/24*y**4 - 5*y**2 + 0 + 0*y - 1/60*y**5 + 5/3*y**3. List the prime factors of c(-8).
2
Suppose -4*t = 4615 - 11531. List the prime factors of t.
7, 13, 19
Let f(s) = -s**3 + 5*s**2 - 6*s + 6. Let g be f(4). What are the prime factors of -3 - -82 - (g - (0 - -1))?
2, 41
Suppose u - 2 + 10 = 0. Let j be 1252/16 - (-2)/u. Let b = j - 55. What are the prime factors of b?
23
Let i = 8703 + -5066. List the prime factors of i.
3637
Let w = 15 - 13. Suppose j = w*q + q + 48, 64 = -4*q - 5*j. Let y = -11 - q. List the prime factors of y.
5
Let z be 88/20 - 2/5. Suppose -c + z = 1. Suppose c*j - 97 = -22. List the prime factors of j.
5
Let v = 2 + 2. Let w be 0 + 29 - (v + -6). Let m = -8 + w. List the prime factors of m.
23
Let z be 3*7/(42/(-52)). Let l = -6 - z. Let m = 33 - l. What are the prime factors of m?
13
Let j(a) = -5*a**3 - 16*a**2 + 25*a - 1. Let d(q) = -9*q**3 - 31*q**2 + 50*q - 1. Let c(g) = 6*d(g) - 11*j(g). List the prime factors of c(7).
3, 11
Let w(v) = -v + 10. Let x be w(12). Let i be (2 + -2)*2/x. Suppose i = -3*f - 7 + 67. What are the prime factors of f?
2, 5
Let f(t) = 9*t + 5. Let u(h) = 1. Let n(d) = -f(d) - 5*u(d). List the prime factors of n(-7).
53
Suppose -359 = 5*t + 301. Let r = 